ds digit of v(14)?
2
Let p be (-15)/1*(-190)/15. Suppose -1501 = -12*v + 119. Let u = p - v. What is the units digit of u?
5
Suppose 5*j = -l - 365, 239 + 1326 = -4*l + j. Let m = 566 + l. What is the units digit of m?
6
Let f = 48 - 46. Suppose r - f = -2*q, -3*r = 4*q - 0 - 2. Suppose q*c = -4*p + 206, -5*c - 55 = -p + 2. What is the tens digit of p?
5
What is the thousands digit of 82/(-164) + 26446/4?
6
Let a be 86/(-3) + -6*1/(-9). Let n = a + 32. Suppose 0 = j + n*j - 620. What is the units digit of j?
4
Let g = 18642 - 12830. What is the tens digit of g?
1
Let o(x) = -6*x**2 - 2*x - 1. Let b be o(-2). What is the tens digit of (-41100)/(-140) - 9/b?
9
Let r(v) be the second derivative of 0 - 1/2*v**5 + 16*v - 3/2*v**3 - 3*v**2 - 1/12*v**4. What is the tens digit of r(-3)?
8
Suppose -3*p + 7 = 1. Suppose 4*z - 5877 = 5*x, p*z - 2676 = -5*x + 255. What is the hundreds digit of z?
4
Let j be (105/9 - -2)/(6/90). Let r = 224 - j. What is the units digit of r?
9
Let a(f) = 604*f**2 + 4*f - 3. Let v be ((1 + 0)/(-1))/(-12 + 11). What is the units digit of a(v)?
5
What is the thousands digit of (-8*69850/88)/(2/33*-3)?
4
Let a(o) = 14*o - 64. Let p be a(5). Let m be (1 + (0 - 0))*57. Suppose m - p = x. What is the tens digit of x?
5
Suppose 0 = 3*t - m - 120, m - 200 = -5*t - 4*m. Let p be (-1)/(-8) - 165/t. Let k = 31 - p. What is the units digit of k?
5
Suppose -16*a - 9 = -19*a. Suppose r = -a*r, 4*u = r + 1096. What is the hundreds digit of u?
2
Suppose -18 = 3*z + 2*i, 0*z - 5*z - 3*i - 30 = 0. Let l = z - -21. Suppose 2*u + 4 = 4*d, 0 = d - 0*u + 3*u - l. What is the units digit of d?
3
Let o(g) be the first derivative of -81*g**2/2 + 19*g - 28. Let f(y) = -80*y + 18. Let i(b) = 4*f(b) - 3*o(b). What is the hundreds digit of i(-3)?
2
Let r be 3 + -3 + 7 + -2. Suppose 0 = r*n + 4*v - 814, 13 = -2*v + 5. What is the tens digit of n?
6
Let c = 7979 - 91. What is the units digit of c?
8
Let t(x) = 610*x**3 + x**2 - 21*x - 21. Let a be t(-1). Let k = 777 + a. What is the tens digit of k?
6
Let v(t) = -4*t**2 + 5*t - 4. Let c be v(2). Let l = 15 + c. Suppose -k + 135 = -5*r, -l*k + 4*r + 0*r + 633 = 0. What is the units digit of k?
5
Let p = -897 - -504. Let a = -241 - p. What is the units digit of a?
2
Let d be 1*(-6 - -5) + (1 - -1400). Suppose 2*r + 7*m = 4*m + d, 3*m = -5*r + 3482. What is the hundreds digit of r?
6
Let t(d) = 52*d - 31. Let q be t(-6). Let a = -287 - q. What is the units digit of a?
6
Suppose 0 = 16*v - 19*v + 2*r + 27290, 9142 = v + 5*r. What is the tens digit of v?
0
Suppose 3*q = 15*q - 10188. Suppose -25*k = -28*k + q. What is the units digit of k?
3
Suppose -2*h + 30216 = 8694. Suppose 2013 - h = -9*r. What is the tens digit of r?
7
Let i(l) = -l**3 + 13*l**2 + 33*l + 6. Let w be i(14). What is the hundreds digit of 4/(-12)*-12 + w?
2
Let q(c) = -3594*c + 70. What is the units digit of q(-6)?
4
Let j(y) = -4*y + 2. Let z(i) = -i + 1. Let q(p) = j(p) - 5*z(p). Let m be q(9). What is the hundreds digit of (-52)/m*7/((-42)/108)?
1
Let m(n) = n**3 + 23*n**2 + 55*n + 47. What is the units digit of m(-12)?
1
Suppose 38*w = -124*w + 3623454. What is the thousands digit of w?
2
Let m(q) = 25792*q - 1473. What is the tens digit of m(1)?
1
Suppose -49*q = -61 + 159. What is the units digit of (-3 + q)/(15/(-6000))?
0
Suppose d = 2*y - 4624, 5*y - 2*d - 1626 = 9935. What is the hundreds digit of y?
3
Suppose -60*p + 63*p - g - 16720 = 0, -5*p = g - 27856. What is the thousands digit of p?
5
Let s(r) = 6*r**2 + 73*r + 16. Suppose 38 + 42 = -5*n. What is the units digit of s(n)?
4
Suppose m + 6285 = 6*m. Let q = 1860 - m. What is the tens digit of (6/(-1) - -2)*q/(-18)?
3
Let k(h) = -h + 2. Let g be k(4). Let i = -1329 - -1331. What is the units digit of 73 + ((-1 - -3)/g - i)?
0
Suppose -20*r + 6 = -54. Suppose 4*d = -0*d + r*l + 1561, l = -3. What is the tens digit of d?
8
What is the units digit of 33584/96 + (-1)/(-6)?
0
Let s(h) = 2*h + 28. Let l be s(-10). Let y be l/12*6/(-4). What is the tens digit of 52*y*(-4)/16?
1
Suppose 4870 = 38*r - 28*r. Let z = r - -432. What is the units digit of z?
9
Suppose 2*g - 1480 = -3*g. Suppose 0 = 5*a - g - 4. Suppose 0 = 6*x - 216 + a. What is the tens digit of x?
2
Let a = -21040 - -37278. What is the units digit of a?
8
Suppose 0 = 36*h + 32*h - 289036 - 93804. What is the units digit of h?
0
Let o = 67 + 13. Suppose o - 250 = -w. Suppose -5*p + w = -690. What is the hundreds digit of p?
1
Let s be 0/(-1) + -4 + 6. Let n = 545 + -540. What is the tens digit of (0 - -80)*s/n?
3
Let n be (-5 + 4 - 2 - -3)/(-1). Let g be ((-4)/10)/(4/(-20)). Suppose -2*x + n = -g, 2*i = -x + 389. What is the hundreds digit of i?
1
Let c be (18/(-5))/((-9)/(-150)). Let s = c + 70. Suppose -s*h = -307 - 163. What is the tens digit of h?
4
Suppose 3*t - 7844 = -p, 177*t - 181*t = -4. What is the hundreds digit of p?
8
Let a be (7 - 8) + -3 + 82. Let r = a - -182. What is the tens digit of r?
6
Let h(k) = -3*k + 10. Let p be h(3). Let s(q) = 298*q**2 - 2*q + 2. What is the hundreds digit of s(p)?
2
Let c(o) = 288*o**2 + 15*o + 15. Suppose 4*s + 6*m - 12 = m, 2*m - 4 = -2*s. What is the thousands digit of c(s)?
1
Suppose n = -u + 536, -n + 5*n = -3*u + 2148. Suppose f - 4*f - j + n = 0, 2*j = 4*f - 730. Let h = f + -20. What is the units digit of h?
1
Suppose 4*f - 2*j = 2, -2*j = 5*f - 4*j - 2. Suppose f = -4*z + 4, -m + 5*z + 697 = m. What is the tens digit of m?
5
Let h be 759 + 154/(-33)*12/(-14). Suppose -h = -2*z + 235. What is the hundreds digit of z?
4
Let d = -189 + 181. Let t(g) = -23*g - 113. What is the units digit of t(d)?
1
Let z(x) = -5*x**2 - 40*x - 84. Let a be z(-16). Let h = 1271 + a. What is the units digit of h?
7
Suppose 0 = 24*h - 21*h + 2526. Let w = h - -1516. What is the hundreds digit of w?
6
Let v(j) = 20*j - 31. Let z be ((-18)/5)/((-1)/5). What is the tens digit of v(z)?
2
Let b(h) be the third derivative of h**6/5 + h**5/60 - h**4/12 + 7*h**3/6 + 198*h**2. What is the tens digit of b(3)?
5
What is the hundreds digit of -1022*(-6 + 318/(-12)) + 12/4?
2
Let d(a) = -590*a**3 - 5*a + 6. Let o(y) = 590*y**3 + 6*y - 7. Let g(x) = 7*d(x) + 6*o(x). What is the units digit of g(-1)?
9
Let p(b) = 3*b**2 + 11*b - 84. Let g be p(-14). Suppose a - 4*j - g = -6*j, 2*a = 2*j + 724. What is the tens digit of a?
5
Suppose -3*k = 0, k = 2*u + 3*k - 8. Suppose u*x + 7 = -l + 5, 0 = -l - 2. Suppose -g + 3*m = 2*m - 96, 5*g - 4*m - 483 = x. What is the units digit of g?
9
Let j = 7886 - 2758. What is the hundreds digit of j?
1
Let o = -131 + 261. Suppose -4*y = -7*y + 30. Let s = y + o. What is the tens digit of s?
4
Suppose 0 = 3*y + y + 3*z + 3, 5*y + 5*z + 5 = 0. Suppose -3*w - 4*v - 29 = y, -4*v + 8 = -2*w - v. What is the units digit of 1*106 + (-5)/(w - -2)?
7
Suppose 2*g = -5*b + 137421, -54975 = -2*b + 11*g - 14*g. What is the hundreds digit of b?
4
What is the tens digit of (1 - -12 - -454)*7?
6
Let w = -16139 + 25944. What is the units digit of w?
5
Let x(v) = -151*v - 1080. What is the thousands digit of x(-30)?
3
Suppose 6 = -2*k, -k = 5*b + 2 + 11. What is the hundreds digit of 679/28*b*-20?
9
Suppose 21*l - 60128 - 87607 = 0. What is the hundreds digit of l?
0
Let i(j) = -7*j - 37. Let q be i(-6). Suppose -a - 771 = -2*u, 0 = -q*u + 4*a - a + 1926. What is the hundreds digit of u?
3
Let g = -5179 - -10639. Suppose -2*h + 4935 = 5*x, g = 5*x + h + 530. What is the hundreds digit of x?
9
Let o be ((-9)/(81/6))/(6/(-135)). Let k(s) = 80*s**2 + 6 - o + s + 7 + 71*s**2. What is the tens digit of k(1)?
5
Suppose -2*a - 3*q + 14 = 0, -5*q + 2 = -2*a - 0. Let m be -4 + (a - (-15)/3). What is the tens digit of 3/m - (366/(-5))/3?
2
Suppose 26*h - 101439 = 12*h + h. What is the units digit of h?
3
Suppose -6*b = -116483 + 3359. What is the thousands digit of b?
8
Let t(j) = -j**3 - 10*j**2 - 7*j + 18. Let r be t(-9). Suppose r = -5*m + 3*n + 104, -m + 5*n = 2*m - 72. What is the tens digit of m?
1
Let u = 14912 - 6475. Suppose v - u = -10*v. What is the hundreds digit of v?
7
Let g(k) = 4*k + 41. Let f be g(-9). Suppose 3*y - 1436 = -5*p, -f*y + 956 = -3*p - 1426. What is the tens digit of y?
7
What is the tens digit of 34248/(-18)*(5 - (-9 - -17))?
0
Suppose -3*a + 1595 = -5*j - a, a = 0. 